0. Let t be l(0). Suppose 5*g = -t, 2*j + 2*g = -0 + 2. Calculate the remainder when 5 is divided by j.
2
Let g = 113 - 67. What is the remainder when g is divided by 12?
10
Calculate the remainder when 2/(-3)*132/(-8) is divided by 7.
4
Suppose 4*p = -0*p + 4. Suppose -p = x - 7. What is the remainder when 8 is divided by x?
2
Let v(k) = -2*k**3 - 3*k**2 + 2*k - 2. What is the remainder when 36 is divided by v(-3)?
17
Suppose -3*l + 1 = -2, -2*x + 4*l = -40. Calculate the remainder when x is divided by 13.
9
Let a = 5 - -1. Suppose a*h - 8*h + 66 = 0. What is the remainder when h is divided by 9?
6
Let q be (19 + 3)*2/4. Suppose 0 = 2*f + 3*v - 0*v - 15, 4*v - 6 = 2*f. Let j = q - f. What is the remainder when 22 is divided by j?
6
What is the remainder when 39 + 2/1 - 4 is divided by -1*2*(-26)/4?
11
Let c(g) = 8*g - 8. Let o be c(-6). Let m = 122 + o. Suppose 4*l - 82 = m. Calculate the remainder when l is divided by 13.
11
Suppose -5*g - 29 = -5*f - 99, -2*g = 4*f - 10. What is the remainder when -1 + (-4)/((-8)/42) is divided by g?
9
What is the remainder when 61 is divided by (-2)/3 + 1176/36?
29
Let f(r) = 9*r - 3. Suppose l - 112 = -5*h, -106 = -5*h - 0*h + 2*l. Calculate the remainder when f(10) is divided by h.
21
Suppose -m - 5*d = 3 - 2, 0 = 2*m - d - 9. Let t(a) = 6*a + 3. Let h be t(m). Let g = h + -14. Calculate the remainder when 38 is divided by g.
12
Let c(l) = -l**3 - 2*l**2 + 3*l - 1. Let o(i) = 3*i**2 - 4*i. What is the remainder when o(5) is divided by c(-4)?
17
Suppose -4*t - 5*z = -34, -6*t + 3*t + 31 = z. Calculate the remainder when t is divided by 4.
3
Let h = 27 + -18. Let m(t) = t**3 + t**2 + t + 17. Calculate the remainder when m(0) is divided by h.
8
Let s = 77 - 63. What is the remainder when 292 is divided by s?
12
Let s(f) = f**2 - f - 18. Calculate the remainder when 81 is divided by s(-6).
9
Let l(h) = h**2 + 14*h - 9. What is the remainder when l(-15) is divided by 5?
1
Suppose 7 = 3*r + 1. Suppose -5*y - 77 = -r*c + 23, c - 3*y = 48. Suppose 4*a = -a + c. What is the remainder when 34 is divided by a?
10
Suppose -3*i + 24 + 33 = 0. Calculate the remainder when 35 is divided by i.
16
Let i(j) be the third derivative of j**6/60 + j**5/60 - j**4/12 + j**3/6 - 9*j**2. What is the remainder when i(2) is divided by 9?
8
Suppose -4*t = 3*u - 5*t - 15, 3 = 3*u - 5*t. Let h = u + 32. What is the remainder when h is divided by 20?
18
Suppose -16*o = -13*o - 36. Calculate the remainder when 69 is divided by o.
9
Suppose 5*m + 470 = -300. Calculate the remainder when m/(-3)*(-18)/(-12) is divided by 20.
17
Let v(r) = 3*r**2 + 2*r + 4. Let l(u) = -2*u**2 - 3*u - 5. Let n(x) = -4*l(x) - 3*v(x). What is the remainder when n(6) is divided by 5?
3
What is the remainder when 14 is divided by (-4)/(-3) + (-23)/(-3)?
5
Suppose 1150 + 158 = 6*s. What is the remainder when s is divided by 55?
53
Let q(r) = -r + 26. Suppose 4*f = n - 21, 0*n + 4*f + 3 = -n. What is the remainder when q(0) is divided by n?
8
Suppose -2*p + 3*p + g = 0, 3*g + 2 = -2*p. Suppose 0 = -p*j - 2*j + 28. Suppose -4 = 3*h - 5*h. What is the remainder when j is divided by h?
1
What is the remainder when 71 is divided by (-1)/5 - (-122)/10?
11
Suppose 3*w = -4*r + 217, -168 = -3*r - 0*r - 4*w. What is the remainder when r is divided by 27?
25
Calculate the remainder when (1 + (-7)/2)/(12/(-744)) is divided by 39.
38
Suppose 0*m + 8 = m. Calculate the remainder when 23 is divided by m.
7
Suppose y - 16 = -4*t, -5*y - 2 = t - 44. Suppose -31 = 3*u + 5*f - 89, 81 = 4*u + 3*f. What is the remainder when u is divided by y?
5
Let o be (-2)/4*(-4 - 0). Suppose -o*s + 129 = 3*a, -5*a - 33 + 248 = -4*s. What is the remainder when a is divided by 15?
13
Let s(g) = g**2 + 3*g + 3. Let m be s(-2). What is the remainder when (-4)/10 + (-284)/(-10) is divided by -3*((-7)/3 - m)?
8
Let v = 91 + -70. Calculate the remainder when 60 is divided by v.
18
Calculate the remainder when 63 is divided by ((-26)/8)/(4/(-16) - 0).
11
Suppose -3*w + 23 = 8. Suppose -5*v = 20, w*v = 2*r - 0*v - 58. Calculate the remainder when 74 is divided by r.
17
Suppose -n + 4*n = 0. Suppose n = -5*h - 2*q + 34, 2 + 34 = 3*h - 4*q. What is the remainder when 30 is divided by h?
6
Suppose t + 47 = n - t, 0 = -n + 4*t + 37. Calculate the remainder when n is divided by 13.
5
Let s(p) = -2*p - 4. Let h be s(-3). Suppose -5*y - 20 = -3*t - h*t, 5 = 2*t - 3*y. What is the remainder when 25 is divided by t?
4
Let d = -8 + -42. Let f = d + 98. Calculate the remainder when f is divided by 17.
14
Let q(r) = -r**3 + 5*r**2 - 1. Let p be q(5). Let g be 2 + -1 + p/1. Suppose g = w - 8. What is the remainder when 22 is divided by w?
6
Suppose -5*m = s + s - 164, -s = -5*m + 158. What is the remainder when 61 is divided by m?
29
Let g(s) = -12*s + 3. Let j be 10/(-25) + 54/(-15). Calculate the remainder when g(j) is divided by 27.
24
Let j = 19 + -19. Suppose j*b - 80 = -5*b. Calculate the remainder when b is divided by 9.
7
Suppose 0*c - 42 = -2*c. Suppose 2*d - c = -d. Let w = d - -29. Calculate the remainder when w is divided by 19.
17
Let n(v) = v + 3. What is the remainder when 49 is divided by n(11)?
7
Suppose 2*r = -r + 2*t + 20, -2*r + 10 = -2*t. What is the remainder when r is divided by 6?
4
Suppose -2*k - 2*j + 14 = 0, 4*j = 2*k + 2*k - 36. Suppose 2*b - 80 = -48. What is the remainder when b is divided by (k/10)/(2/15)?
4
Suppose -4*n + 15 = -4*y - 69, 4*y - 16 = -n. Calculate the remainder when ((-366)/(-15))/(8/n) is divided by 13.
9
Let a be (-1 - 1) + (-4 - -22). Suppose 20 + a = 4*n. What is the remainder when 25 is divided by n?
7
Calculate the remainder when 172 is divided by 94/6 - 21/(-63).
12
Let k(m) be the third derivative of -m**5/60 + m**4/3 - 4*m**3/3 - 2*m**2. Let c be k(6). Suppose -c = q - 3*q. What is the remainder when 4 is divided by q?
0
Let l = 21 + 1. Suppose n - 42 = -5*j, -4*j - 2*n = -20 - 16. What is the remainder when l is divided by j?
6
Suppose -5*g + 22 + 18 = 0. Suppose 0 = -5*d + 108 - g. What is the remainder when 97 is divided by d?
17
Let j = -213 + 308. Let z = 187 - j. What is the remainder when z is divided by 24?
20
Suppose -s + 6 = s. Suppose r - s*r + 8 = 0. Calculate the remainder when r is divided by 3.
1
Let q = 3 + 0. Suppose -2*j + q*v + 28 = 0, -5*j = 2*v + 55 - 144. Let z = 0 - -9. What is the remainder when j is divided by z?
8
Suppose -3*b + 18 = -3. What is the remainder when b is divided by 3?
1
What is the remainder when 135 is divided by (-2 + 64/24)/(4/138)?
20
Let g(p) = -2*p**3 - 17*p**2 + 5*p - 5. What is the remainder when g(-9) is divided by 11?
9
Let a = 4 - 4. Suppose 181 = 4*h + f, -2*h + h - 4*f + 64 = a. What is the remainder when h is divided by 15?
14
Let n be 130/(-18) - (-2)/9. Let q(c) = -6*c - 7. Let d = 17 - -1. Calculate the remainder when q(n) is divided by d.
17
Let f = 0 + -1. Let s(g) = g - 1. Let c be s(f). Let k = 2 - c. What is the remainder when 10 is divided by k?
2
Suppose -96 + 16 = -4*l. Suppose -d + 3*d = l. Calculate the remainder when 18 is divided by d.
8
Let p be 3/(0 + (3 - 2)). Calculate the remainder when (-3)/(-1) - p/(-1) is divided by 4.
2
Let j(f) = 2*f**2 - f - 11. Calculate the remainder when 97 is divided by j(-4).
22
Let b be -1 + (-2 - -2) + 0. Let q = b + 19. What is the remainder when q is divided by 10?
8
Suppose o + 97 = 4*i, i - 2*o + 3*o = 23. Calculate the remainder when i is divided by 7.
3
Calculate the remainder when 37 is divided by ((-5)/(25/(-6)))/(3/50).
17
Let d(v) = 10*v**2 + v - 2. Let p be 2/7 + 718/(-14). Calculate the remainder when (-1)/3*(0 + p) is divided by d(1).
8
Suppose -3*m - 2*i + 23 = 0, 5*m + i - 6*i - 55 = 0. Let z = 2 + m. Calculate the remainder when z is divided by 6.
5
Suppose 14*h - 197 = 153. Calculate the remainder when h is divided by 9.
7
Let i(o) = o + 10. Suppose -26 + 2 = -3*a. Calculate the remainder when 51 is divided by i(a).
15
Let s(q) = -q**3 - 9*q**2 + 9*q + 10. Suppose u + 3*w - 38 = -3*u, -32 = -2*u + 5*w. What is the remainder when s(-10) is divided by u?
9
Let k = 3 + 3. Let j(v) = 2*v**2 + 6*v - 4. Suppose -2*p - 15 = 3*l - 5, -15 = 3*p - 4*l. Calculate the remainder when j(p) is divided by k.
4
Suppose -18*d = -21*d + 45. What is the rem